
{"version":"1.0","provider_name":"vida Pensionisten","provider_url":"https:\/\/blog.vida.at\/pensionisten","author_name":"michaelafeik","author_url":"https:\/\/blog.vida.at\/pensionisten\/author\/michaelafeik\/","title":"Wir vida-PensionistInnen sind f\u00fcrs Mitreden!","type":"rich","width":600,"height":338,"html":"<blockquote class=\"wp-embedded-content\" data-secret=\"dXtoEa4Hxg\"><a href=\"https:\/\/blog.vida.at\/pensionisten\/2020\/09\/25\/wir-vida-pensionistinnen-sind-fuers-mitreden\/\">Wir vida-PensionistInnen sind f\u00fcrs Mitreden!<\/a><\/blockquote><iframe sandbox=\"allow-scripts\" security=\"restricted\" src=\"https:\/\/blog.vida.at\/pensionisten\/2020\/09\/25\/wir-vida-pensionistinnen-sind-fuers-mitreden\/embed\/#?secret=dXtoEa4Hxg\" width=\"600\" height=\"338\" title=\"&#8222;Wir vida-PensionistInnen sind f\u00fcrs Mitreden!&#8220; &#8211; vida Pensionisten\" data-secret=\"dXtoEa4Hxg\" frameborder=\"0\" marginwidth=\"0\" marginheight=\"0\" scrolling=\"no\" class=\"wp-embedded-content\"><\/iframe><script>\n\/*! This file is auto-generated *\/\n!function(d,l){\"use strict\";l.querySelector&&d.addEventListener&&\"undefined\"!=typeof URL&&(d.wp=d.wp||{},d.wp.receiveEmbedMessage||(d.wp.receiveEmbedMessage=function(e){var t=e.data;if((t||t.secret||t.message||t.value)&&!\/[^a-zA-Z0-9]\/.test(t.secret)){for(var s,r,n,a=l.querySelectorAll('iframe[data-secret=\"'+t.secret+'\"]'),o=l.querySelectorAll('blockquote[data-secret=\"'+t.secret+'\"]'),c=new RegExp(\"^https?:$\",\"i\"),i=0;i<o.length;i++)o[i].style.display=\"none\";for(i=0;i<a.length;i++)s=a[i],e.source===s.contentWindow&&(s.removeAttribute(\"style\"),\"height\"===t.message?(1e3<(r=parseInt(t.value,10))?r=1e3:~~r<200&&(r=200),s.height=r):\"link\"===t.message&&(r=new URL(s.getAttribute(\"src\")),n=new URL(t.value),c.test(n.protocol))&&n.host===r.host&&l.activeElement===s&&(d.top.location.href=t.value))}},d.addEventListener(\"message\",d.wp.receiveEmbedMessage,!1),l.addEventListener(\"DOMContentLoaded\",function(){for(var e,t,s=l.querySelectorAll(\"iframe.wp-embedded-content\"),r=0;r<s.length;r++)(t=(e=s[r]).getAttribute(\"data-secret\"))||(t=Math.random().toString(36).substring(2,12),e.src+=\"#?secret=\"+t,e.setAttribute(\"data-secret\",t)),e.contentWindow.postMessage({message:\"ready\",secret:t},\"*\")},!1)))}(window,document);\n\/\/# sourceURL=https:\/\/blog.vida.at\/pensionisten\/wp-includes\/js\/wp-embed.min.js\n<\/script>\n","description":"vida vertritt die Interessen der ArbeitnehmerInnen aus dem Verkehrs- und Dienstleistungsbereich. Voraussetzung f\u00fcr unseren Erfolg ist der solidarische Zusammenhalt quer durch alle Altersschichten. Deshalb sind die PensionistInnen ein wichtiger Teil von vida. F\u00fcr die Rechte der Menschen im Ruhestand machen wir vida-PensionistInnen uns stark. Bei den j\u00e4hrliche Pensionsverhandlungen, in Gespr\u00e4chen mit den politischen Entscheidungstr\u00e4gerInnen und &hellip; \u201e\u201c weiterlesen"}

Wir vida-PensionistInnen sind fürs Mitreden!

<blockquote class="wp-embedded-content" data-secret="dXtoEa4Hxg"><a href="https://blog.vida.at/pensionisten/2020/09/25/wir-vida-pensionistinnen-sind-fuers-mitreden/">Wir vida-PensionistInnen sind fürs Mitreden!</a></blockquote><iframe sandbox="allow-scripts" security="restricted" src="https://blog.vida.at/pensionisten/2020/09/25/wir-vida-pensionistinnen-sind-fuers-mitreden/embed/#?secret=dXtoEa4Hxg" width="600" height="338" title="&#8222;Wir vida-PensionistInnen sind fürs Mitreden!&#8220; &#8211; vida Pensionisten" data-secret="dXtoEa4Hxg" frameborder="0" marginwidth="0" marginheight="0" scrolling="no" class="wp-embedded-content"></iframe><script>
/*! This file is auto-generated */
!function(d,l){"use strict";l.querySelector&&d.addEventListener&&"undefined"!=typeof URL&&(d.wp=d.wp||{},d.wp.receiveEmbedMessage||(d.wp.receiveEmbedMessage=function(e){var t=e.data;if((t||t.secret||t.message||t.value)&&!/[^a-zA-Z0-9]/.test(t.secret)){for(var s,r,n,a=l.querySelectorAll('iframe[data-secret="'+t.secret+'"]'),o=l.querySelectorAll('blockquote[data-secret="'+t.secret+'"]'),c=new RegExp("^https?:$","i"),i=0;i<o.length;i++)o[i].style.display="none";for(i=0;i<a.length;i++)s=a[i],e.source===s.contentWindow&&(s.removeAttribute("style"),"height"===t.message?(1e3<(r=parseInt(t.value,10))?r=1e3:~~r<200&&(r=200),s.height=r):"link"===t.message&&(r=new URL(s.getAttribute("src")),n=new URL(t.value),c.test(n.protocol))&&n.host===r.host&&l.activeElement===s&&(d.top.location.href=t.value))}},d.addEventListener("message",d.wp.receiveEmbedMessage,!1),l.addEventListener("DOMContentLoaded",function(){for(var e,t,s=l.querySelectorAll("iframe.wp-embedded-content"),r=0;r<s.length;r++)(t=(e=s[r]).getAttribute("data-secret"))||(t=Math.random().toString(36).substring(2,12),e.src+="#?secret="+t,e.setAttribute("data-secret",t)),e.contentWindow.postMessage({message:"ready",secret:t},"*")},!1)))}(window,document);
//# sourceURL=https://blog.vida.at/pensionisten/wp-includes/js/wp-embed.min.js
</script>

vida vertritt die Interessen der ArbeitnehmerInnen aus dem Verkehrs- und Dienstleistungsbereich. Voraussetzung für unseren Erfolg ist der solidarische Zusammenhalt quer durch alle Altersschichten. Deshalb sind die PensionistInnen ein wichtiger Teil von vida. Für die Rechte der Menschen im Ruhestand machen wir vida-PensionistInnen uns stark. Bei den jährliche Pensionsverhandlungen, in Gesprächen mit den politischen EntscheidungsträgerInnen und &hellip; „“ weiterlesen
