
{"version":"1.0","provider_name":"vida Pensionisten","provider_url":"https:\/\/blog.vida.at\/pensionisten","author_name":"michaelafeik","author_url":"https:\/\/blog.vida.at\/pensionisten\/author\/michaelafeik\/","title":"Der Weg zur\u00fcck ins Leben","type":"rich","width":600,"height":338,"html":"<blockquote class=\"wp-embedded-content\" data-secret=\"JPK2eE3hge\"><a href=\"https:\/\/blog.vida.at\/pensionisten\/2021\/02\/05\/der-weg-zurueck-ins-leben\/\">Der Weg zur\u00fcck ins Leben<\/a><\/blockquote><iframe sandbox=\"allow-scripts\" security=\"restricted\" src=\"https:\/\/blog.vida.at\/pensionisten\/2021\/02\/05\/der-weg-zurueck-ins-leben\/embed\/#?secret=JPK2eE3hge\" width=\"600\" height=\"338\" title=\"&#8222;Der Weg zur\u00fcck ins Leben&#8220; &#8211; vida Pensionisten\" data-secret=\"JPK2eE3hge\" frameborder=\"0\" marginwidth=\"0\" marginheight=\"0\" scrolling=\"no\" class=\"wp-embedded-content\"><\/iframe><script>\n\/*! This file is auto-generated *\/\n!function(d,l){\"use strict\";l.querySelector&&d.addEventListener&&\"undefined\"!=typeof URL&&(d.wp=d.wp||{},d.wp.receiveEmbedMessage||(d.wp.receiveEmbedMessage=function(e){var t=e.data;if((t||t.secret||t.message||t.value)&&!\/[^a-zA-Z0-9]\/.test(t.secret)){for(var s,r,n,a=l.querySelectorAll('iframe[data-secret=\"'+t.secret+'\"]'),o=l.querySelectorAll('blockquote[data-secret=\"'+t.secret+'\"]'),c=new RegExp(\"^https?:$\",\"i\"),i=0;i<o.length;i++)o[i].style.display=\"none\";for(i=0;i<a.length;i++)s=a[i],e.source===s.contentWindow&&(s.removeAttribute(\"style\"),\"height\"===t.message?(1e3<(r=parseInt(t.value,10))?r=1e3:~~r<200&&(r=200),s.height=r):\"link\"===t.message&&(r=new URL(s.getAttribute(\"src\")),n=new URL(t.value),c.test(n.protocol))&&n.host===r.host&&l.activeElement===s&&(d.top.location.href=t.value))}},d.addEventListener(\"message\",d.wp.receiveEmbedMessage,!1),l.addEventListener(\"DOMContentLoaded\",function(){for(var e,t,s=l.querySelectorAll(\"iframe.wp-embedded-content\"),r=0;r<s.length;r++)(t=(e=s[r]).getAttribute(\"data-secret\"))||(t=Math.random().toString(36).substring(2,12),e.src+=\"#?secret=\"+t,e.setAttribute(\"data-secret\",t)),e.contentWindow.postMessage({message:\"ready\",secret:t},\"*\")},!1)))}(window,document);\n\/\/# sourceURL=https:\/\/blog.vida.at\/pensionisten\/wp-includes\/js\/wp-embed.min.js\n<\/script>\n","thumbnail_url":"https:\/\/blog.vida.at\/pensionisten\/wp-content\/uploads\/sites\/10\/2021\/02\/Buch_Jochimbauer_MeinSchicksal.jpg2_.jpg","thumbnail_width":1738,"thumbnail_height":1174,"description":"Der Kampf gegen den Krebs Horst Joachimbauer hat vieles zu erz\u00e4hlen. Der \u00d6BB-Besch\u00e4ftigte hat nicht zuletzt deswegen ein Buch geschrieben. Doch der Reihe nach. In den 90ern erkrankte er an Lymphdr\u00fcsenkrebs. Eine Chemotherapie folgte unmittelbar darauf \u2013 neben einer Stammzellentransplantation. Das alles ersparte ihm aber nicht drei R\u00fcckf\u00e4lle."}

Der Weg zurück ins Leben

<blockquote class="wp-embedded-content" data-secret="JPK2eE3hge"><a href="https://blog.vida.at/pensionisten/2021/02/05/der-weg-zurueck-ins-leben/">Der Weg zurück ins Leben</a></blockquote><iframe sandbox="allow-scripts" security="restricted" src="https://blog.vida.at/pensionisten/2021/02/05/der-weg-zurueck-ins-leben/embed/#?secret=JPK2eE3hge" width="600" height="338" title="&#8222;Der Weg zurück ins Leben&#8220; &#8211; vida Pensionisten" data-secret="JPK2eE3hge" frameborder="0" marginwidth="0" marginheight="0" scrolling="no" class="wp-embedded-content"></iframe><script>
/*! This file is auto-generated */
!function(d,l){"use strict";l.querySelector&&d.addEventListener&&"undefined"!=typeof URL&&(d.wp=d.wp||{},d.wp.receiveEmbedMessage||(d.wp.receiveEmbedMessage=function(e){var t=e.data;if((t||t.secret||t.message||t.value)&&!/[^a-zA-Z0-9]/.test(t.secret)){for(var s,r,n,a=l.querySelectorAll('iframe[data-secret="'+t.secret+'"]'),o=l.querySelectorAll('blockquote[data-secret="'+t.secret+'"]'),c=new RegExp("^https?:$","i"),i=0;i<o.length;i++)o[i].style.display="none";for(i=0;i<a.length;i++)s=a[i],e.source===s.contentWindow&&(s.removeAttribute("style"),"height"===t.message?(1e3<(r=parseInt(t.value,10))?r=1e3:~~r<200&&(r=200),s.height=r):"link"===t.message&&(r=new URL(s.getAttribute("src")),n=new URL(t.value),c.test(n.protocol))&&n.host===r.host&&l.activeElement===s&&(d.top.location.href=t.value))}},d.addEventListener("message",d.wp.receiveEmbedMessage,!1),l.addEventListener("DOMContentLoaded",function(){for(var e,t,s=l.querySelectorAll("iframe.wp-embedded-content"),r=0;r<s.length;r++)(t=(e=s[r]).getAttribute("data-secret"))||(t=Math.random().toString(36).substring(2,12),e.src+="#?secret="+t,e.setAttribute("data-secret",t)),e.contentWindow.postMessage({message:"ready",secret:t},"*")},!1)))}(window,document);
//# sourceURL=https://blog.vida.at/pensionisten/wp-includes/js/wp-embed.min.js
</script>

Der Kampf gegen den Krebs Horst Joachimbauer hat vieles zu erzählen. Der ÖBB-Beschäftigte hat nicht zuletzt deswegen ein Buch geschrieben. Doch der Reihe nach. In den 90ern erkrankte er an Lymphdrüsenkrebs. Eine Chemotherapie folgte unmittelbar darauf – neben einer Stammzellentransplantation. Das alles ersparte ihm aber nicht drei Rückfälle.
