
{"id":911,"date":"2020-10-06T15:34:09","date_gmt":"2020-10-06T13:34:09","guid":{"rendered":"http:\/\/blog.vida.at\/pensionisten\/?page_id=911"},"modified":"2024-06-19T10:43:51","modified_gmt":"2024-06-19T08:43:51","slug":"was-wir-tun","status":"publish","type":"page","link":"https:\/\/blog.vida.at\/pensionisten\/was-wir-tun\/","title":{"rendered":"Das sind unsere Themen"},"content":{"rendered":"\n<div class=\"wp-block-group container\"><div class=\"wp-block-group__inner-container is-layout-flow wp-block-group-is-layout-flow\">\n<div class=\"wp-block-ugb-spacer ugb-spacer ugb-d0b3a07 ugb-spacer--v2 ugb-main-block\"><div class=\"ugb-inner-block\"><div class=\"ugb-block-content\"><div class=\"ugb-spacer--inner\"><\/div><\/div><\/div><\/div>\n\n\n\n<h3 class=\"wp-block-heading\">Wir setzen uns ein f\u00fcr mehr Geld im B\u00f6rsel <\/h3>\n\n\n\n<p>Durch <strong>st\u00e4ndige Pensionsreformen<\/strong> und niedrige Anpassungen verlieren die Pensionen laufend an Wert. Zusammen mit dem <strong><a href=\"https:\/\/www.seniorenrat.at\/de\/aktuell\" target=\"_blank\" rel=\"noreferrer noopener\">\u00d6sterreichischen Seniorenrat<\/a><\/strong> bem\u00fchen wir uns, dem entgegenzuwirken. Die <strong>Altersarmut<\/strong> h\u00e4ngt wie ein Damoklesschwert \u00fcber uns. Im erfolgreichen <strong>Kampf um die Steuerreform von \u00d6GB und AK \u2013 unter dem Motto \u201eLohnsteuer runter\u201c <\/strong>\u2013 waren wir von Beginn an mit dabei. Denn <strong>Solidarit\u00e4t kennt kein Alter. <\/strong><br><br>Sie geh\u00f6rt auch allen im Arbeitsleben stehenden Kolleg:innen und allen gewerkschaftlichen Aktionen. Wir lehnen jegliche \u201eSpielchen\u201c mit unserem Pensionssystem ab und stehen zur staatlichen umlagefinanzierten Pension. <br><\/p>\n\n\n\n<div class=\"wp-block-ugb-spacer ugb-spacer ugb-db64c54 ugb-spacer--v2 ugb-main-block\"><div class=\"ugb-inner-block\"><div class=\"ugb-block-content\"><div class=\"ugb-spacer--inner\"><\/div><\/div><\/div><\/div>\n\n\n\n<h3 class=\"wp-block-heading\">Gepflegt und Gesund<\/h3>\n\n\n\n<p>Gebot der Stunde ist <strong>Hilfestellung <\/strong>f\u00fcr alle, die bei <strong>Eintritt eines Pflegefalles<\/strong> das Gef\u00fchl haben, vor einer un\u00fcberwindlichen Wand zu stehen, sowie die volle <strong>Unterst\u00fctzung des Pflegepersonals <\/strong>und von deren Anliegen. Die Abschaffung des Pflegeregresses war ein wichtiger Schritt in die richtige Richtung. \u00d6sterreich hat ein ausgezeichnetes Gesundheitssystem. Durch die <strong>Reform der Sozialversicherung <\/strong>und das faktische Ende der Selbstverwaltung wird dies zunehmend infrage gestellt. Das <strong>Mitspracherecht der Arbeitnehmer:innen und Pensionist:innen in der Sozialversicherung wurde eingeschr\u00e4nkt. <\/strong>Es darf nicht durch Interessen der Konzerne und Finanzwirtschaft gef\u00e4hrdet werden. <strong>Dagegen treten wir stark auf.<\/strong><\/p>\n\n\n\n<div class=\"wp-block-ugb-spacer ugb-spacer ugb-7575ca2 ugb-spacer--v2 ugb-main-block\"><div class=\"ugb-inner-block\"><div class=\"ugb-block-content\"><div class=\"ugb-spacer--inner\"><\/div><\/div><\/div><\/div>\n\n\n\n<h3 class=\"wp-block-heading\">Digital in die Zukunft<\/h3>\n\n\n\n<p><strong>Altern und Zukunft d\u00fcrfen einander nicht ausschlie\u00dfen<\/strong>. Die Zukunft ist eine digitale Welt. Es ist wichtig, dass auch die \u00e4ltere Generation an der Gestaltung der  Digitalisierung mitwirkt. Auch wenn die Bed\u00fcrfnisse der PensionistInnen unterschiedlich sind, in erster Linie geht es um<strong> Information, Kommunikation und Unterhaltung.<\/strong> Schon seit einiger Zeit versuchen wir dem Rechnung zu tragen. Es darf nicht komplizierter werden, im Gegenteil: <strong>Die digitale Welt muss uns \u00c4lteren dienen.<\/strong><\/p>\n\n\n\n<div class=\"wp-block-ugb-spacer ugb-spacer ugb-b1639c5 ugb-spacer--v2 ugb-main-block\"><div class=\"ugb-inner-block\"><div class=\"ugb-block-content\"><div class=\"ugb-spacer--inner\"><\/div><\/div><\/div><\/div>\n\n\n\n<h3 class=\"wp-block-heading\">Wir leben vida in den Ortsgruppen<\/h3>\n\n\n\n<p>Gerade in unseren Ortsgruppen wird die <strong>N\u00e4he zu unseren Mitgliedern sehr stark gelebt.<\/strong> Ein buntes Angebot wartet auf sie \u2013 <strong>von Informations- \u00fcber Freizeit- bis hin zu Kulturveranstaltungen.<\/strong> <br><br>Zusammen mit den Landesorganisationen f\u00fchren wir <strong>Ehrungen<\/strong> durch \u2013 wir bedanken uns bei langj\u00e4hrigen Mitgliedern f\u00fcr ihre Treue. Gemeinsam haben wir einiges erreicht bzw. auf den Weg gebracht, um die Lebensqualit\u00e4t der \u00e4lteren Generation zu verbessern. Wir haben in den letzten Jahren dem Projekt \u201eGenerationen\u201c viel Zeit gewidmet.<\/p>\n\n\n\n<p><strong><br><\/strong><br><br><br><\/p>\n\n\n\n<p><br><\/p>\n\n\n\n<blockquote class=\"wp-block-quote is-layout-flow wp-block-quote-is-layout-flow\">\n<p><\/p>\n<\/blockquote>\n<\/div><\/div>\n\n\n\n<p><\/p>\n","protected":false},"excerpt":{"rendered":"<p>Wir setzen uns ein f\u00fcr mehr Geld im B\u00f6rsel Durch st\u00e4ndige Pensionsreformen und niedrige Anpassungen verlieren die Pensionen laufend an Wert. Zusammen mit dem \u00d6sterreichischen Seniorenrat bem\u00fchen wir uns, dem entgegenzuwirken. Die Altersarmut h\u00e4ngt wie ein Damoklesschwert \u00fcber uns. Im erfolgreichen Kampf um die Steuerreform von \u00d6GB und AK \u2013 unter dem Motto \u201eLohnsteuer runter\u201c &hellip; <\/p>\n<p class=\"link-more\"><a href=\"https:\/\/blog.vida.at\/pensionisten\/was-wir-tun\/\" class=\"more-link\"><span class=\"screen-reader-text\">\u201eDas sind unsere Themen\u201c <\/span>weiterlesen<\/a><\/p>\n","protected":false},"author":5,"featured_media":0,"parent":0,"menu_order":0,"comment_status":"closed","ping_status":"open","template":"","meta":{"_uag_custom_page_level_css":"","advgb_blocks_editor_width":"","advgb_blocks_columns_visual_guide":"","footnotes":""},"class_list":["post-911","page","type-page","status-publish","hentry","entry"],"featured_image_urls":{"full":"","thumbnail":"","medium":"","medium_large":"","large":"","1536x1536":"","2048x2048":"","ab-block-post-grid-landscape":"","ab-block-post-grid-square":"","post-thumbnail":"","awb_sm":"","awb_md":"","awb_lg":"","awb_xl":""},"post_excerpt_stackable":"<p>Wir setzen uns ein f\u00fcr mehr Geld im B\u00f6rsel Durch st\u00e4ndige Pensionsreformen und niedrige Anpassungen verlieren die Pensionen laufend an Wert. Zusammen mit dem \u00d6sterreichischen Seniorenrat bem\u00fchen wir uns, dem entgegenzuwirken. Die Altersarmut h\u00e4ngt wie ein Damoklesschwert \u00fcber uns. Im erfolgreichen Kampf um die Steuerreform von \u00d6GB und AK \u2013 unter dem Motto \u201eLohnsteuer runter\u201c \u2013 waren wir von Beginn an mit dabei. Denn Solidarit\u00e4t kennt kein Alter. Sie geh\u00f6rt auch allen im Arbeitsleben stehenden Kolleg:innen und allen gewerkschaftlichen Aktionen. Wir lehnen jegliche \u201eSpielchen\u201c mit unserem Pensionssystem ab und stehen zur staatlichen umlagefinanzierten Pension. Gepflegt und Gesund Gebot der Stunde&hellip;<\/p>\n","category_list":"","author_info":{"name":"michaelafeik","url":"https:\/\/blog.vida.at\/pensionisten\/author\/michaelafeik\/"},"comments_num":"0 comments","featured_image_urls_v2":{"full":"","thumbnail":"","medium":"","medium_large":"","large":"","1536x1536":"","2048x2048":"","ab-block-post-grid-landscape":"","ab-block-post-grid-square":"","post-thumbnail":"","awb_sm":"","awb_md":"","awb_lg":"","awb_xl":""},"post_excerpt_stackable_v2":"<p>Wir setzen uns ein f\u00fcr mehr Geld im B\u00f6rsel Durch st\u00e4ndige Pensionsreformen und niedrige Anpassungen verlieren die Pensionen laufend an Wert. Zusammen mit dem \u00d6sterreichischen Seniorenrat bem\u00fchen wir uns, dem entgegenzuwirken. Die Altersarmut h\u00e4ngt wie ein Damoklesschwert \u00fcber uns. Im erfolgreichen Kampf um die Steuerreform von \u00d6GB und AK \u2013 unter dem Motto \u201eLohnsteuer runter\u201c \u2013 waren wir von Beginn an mit dabei. Denn Solidarit\u00e4t kennt kein Alter. Sie geh\u00f6rt auch allen im Arbeitsleben stehenden Kolleg:innen und allen gewerkschaftlichen Aktionen. Wir lehnen jegliche \u201eSpielchen\u201c mit unserem Pensionssystem ab und stehen zur staatlichen umlagefinanzierten Pension. Gepflegt und Gesund Gebot der Stunde&hellip;<\/p>\n","category_list_v2":"","author_info_v2":{"name":"michaelafeik","url":"https:\/\/blog.vida.at\/pensionisten\/author\/michaelafeik\/"},"comments_num_v2":"0 comments","yoast_head":"<!-- This site is optimized with the Yoast SEO plugin v27.3 - https:\/\/yoast.com\/product\/yoast-seo-wordpress\/ -->\n<title>Das sind unsere Themen - vida Pensionisten<\/title>\n<meta name=\"robots\" content=\"index, follow, max-snippet:-1, max-image-preview:large, max-video-preview:-1\" \/>\n<link rel=\"canonical\" href=\"https:\/\/blog.vida.at\/pensionisten\/was-wir-tun\/\" \/>\n<meta property=\"og:locale\" content=\"de_DE\" \/>\n<meta property=\"og:type\" content=\"article\" \/>\n<meta property=\"og:title\" content=\"Das sind unsere Themen - vida Pensionisten\" \/>\n<meta property=\"og:description\" content=\"Wir setzen uns ein f\u00fcr mehr Geld im B\u00f6rsel Durch st\u00e4ndige Pensionsreformen und niedrige Anpassungen verlieren die Pensionen laufend an Wert. Zusammen mit dem \u00d6sterreichischen Seniorenrat bem\u00fchen wir uns, dem entgegenzuwirken. Die Altersarmut h\u00e4ngt wie ein Damoklesschwert \u00fcber uns. Im erfolgreichen Kampf um die Steuerreform von \u00d6GB und AK \u2013 unter dem Motto \u201eLohnsteuer runter\u201c &hellip; \u201eDas sind unsere Themen\u201c weiterlesen\" \/>\n<meta property=\"og:url\" content=\"https:\/\/blog.vida.at\/pensionisten\/was-wir-tun\/\" \/>\n<meta property=\"og:site_name\" content=\"vida Pensionisten\" \/>\n<meta property=\"article:modified_time\" content=\"2024-06-19T08:43:51+00:00\" \/>\n<meta name=\"twitter:card\" content=\"summary_large_image\" \/>\n<meta name=\"twitter:label1\" content=\"Gesch\u00e4tzte Lesezeit\" \/>\n\t<meta name=\"twitter:data1\" content=\"2\u00a0Minuten\" \/>\n<script type=\"application\/ld+json\" class=\"yoast-schema-graph\">{\"@context\":\"https:\\\/\\\/schema.org\",\"@graph\":[{\"@type\":\"WebPage\",\"@id\":\"https:\\\/\\\/blog.vida.at\\\/pensionisten\\\/was-wir-tun\\\/\",\"url\":\"https:\\\/\\\/blog.vida.at\\\/pensionisten\\\/was-wir-tun\\\/\",\"name\":\"Das sind unsere Themen - vida Pensionisten\",\"isPartOf\":{\"@id\":\"https:\\\/\\\/blog.vida.at\\\/pensionisten\\\/#website\"},\"datePublished\":\"2020-10-06T13:34:09+00:00\",\"dateModified\":\"2024-06-19T08:43:51+00:00\",\"breadcrumb\":{\"@id\":\"https:\\\/\\\/blog.vida.at\\\/pensionisten\\\/was-wir-tun\\\/#breadcrumb\"},\"inLanguage\":\"de\",\"potentialAction\":[{\"@type\":\"ReadAction\",\"target\":[\"https:\\\/\\\/blog.vida.at\\\/pensionisten\\\/was-wir-tun\\\/\"]}]},{\"@type\":\"BreadcrumbList\",\"@id\":\"https:\\\/\\\/blog.vida.at\\\/pensionisten\\\/was-wir-tun\\\/#breadcrumb\",\"itemListElement\":[{\"@type\":\"ListItem\",\"position\":1,\"name\":\"Startseite\",\"item\":\"https:\\\/\\\/blog.vida.at\\\/pensionisten\\\/\"},{\"@type\":\"ListItem\",\"position\":2,\"name\":\"Das sind unsere Themen\"}]},{\"@type\":\"WebSite\",\"@id\":\"https:\\\/\\\/blog.vida.at\\\/pensionisten\\\/#website\",\"url\":\"https:\\\/\\\/blog.vida.at\\\/pensionisten\\\/\",\"name\":\"vida Pensionisten\",\"description\":\"\",\"potentialAction\":[{\"@type\":\"SearchAction\",\"target\":{\"@type\":\"EntryPoint\",\"urlTemplate\":\"https:\\\/\\\/blog.vida.at\\\/pensionisten\\\/?s={search_term_string}\"},\"query-input\":{\"@type\":\"PropertyValueSpecification\",\"valueRequired\":true,\"valueName\":\"search_term_string\"}}],\"inLanguage\":\"de\"}]}<\/script>\n<!-- \/ Yoast SEO plugin. -->","yoast_head_json":{"title":"Das sind unsere Themen - vida Pensionisten","robots":{"index":"index","follow":"follow","max-snippet":"max-snippet:-1","max-image-preview":"max-image-preview:large","max-video-preview":"max-video-preview:-1"},"canonical":"https:\/\/blog.vida.at\/pensionisten\/was-wir-tun\/","og_locale":"de_DE","og_type":"article","og_title":"Das sind unsere Themen - vida Pensionisten","og_description":"Wir setzen uns ein f\u00fcr mehr Geld im B\u00f6rsel Durch st\u00e4ndige Pensionsreformen und niedrige Anpassungen verlieren die Pensionen laufend an Wert. Zusammen mit dem \u00d6sterreichischen Seniorenrat bem\u00fchen wir uns, dem entgegenzuwirken. Die Altersarmut h\u00e4ngt wie ein Damoklesschwert \u00fcber uns. Im erfolgreichen Kampf um die Steuerreform von \u00d6GB und AK \u2013 unter dem Motto \u201eLohnsteuer runter\u201c &hellip; \u201eDas sind unsere Themen\u201c weiterlesen","og_url":"https:\/\/blog.vida.at\/pensionisten\/was-wir-tun\/","og_site_name":"vida Pensionisten","article_modified_time":"2024-06-19T08:43:51+00:00","twitter_card":"summary_large_image","twitter_misc":{"Gesch\u00e4tzte Lesezeit":"2\u00a0Minuten"},"schema":{"@context":"https:\/\/schema.org","@graph":[{"@type":"WebPage","@id":"https:\/\/blog.vida.at\/pensionisten\/was-wir-tun\/","url":"https:\/\/blog.vida.at\/pensionisten\/was-wir-tun\/","name":"Das sind unsere Themen - vida Pensionisten","isPartOf":{"@id":"https:\/\/blog.vida.at\/pensionisten\/#website"},"datePublished":"2020-10-06T13:34:09+00:00","dateModified":"2024-06-19T08:43:51+00:00","breadcrumb":{"@id":"https:\/\/blog.vida.at\/pensionisten\/was-wir-tun\/#breadcrumb"},"inLanguage":"de","potentialAction":[{"@type":"ReadAction","target":["https:\/\/blog.vida.at\/pensionisten\/was-wir-tun\/"]}]},{"@type":"BreadcrumbList","@id":"https:\/\/blog.vida.at\/pensionisten\/was-wir-tun\/#breadcrumb","itemListElement":[{"@type":"ListItem","position":1,"name":"Startseite","item":"https:\/\/blog.vida.at\/pensionisten\/"},{"@type":"ListItem","position":2,"name":"Das sind unsere Themen"}]},{"@type":"WebSite","@id":"https:\/\/blog.vida.at\/pensionisten\/#website","url":"https:\/\/blog.vida.at\/pensionisten\/","name":"vida Pensionisten","description":"","potentialAction":[{"@type":"SearchAction","target":{"@type":"EntryPoint","urlTemplate":"https:\/\/blog.vida.at\/pensionisten\/?s={search_term_string}"},"query-input":{"@type":"PropertyValueSpecification","valueRequired":true,"valueName":"search_term_string"}}],"inLanguage":"de"}]}},"featured_image_src":null,"featured_image_src_square":null,"uagb_featured_image_src":{"full":false,"thumbnail":false,"medium":false,"medium_large":false,"large":false,"1536x1536":false,"2048x2048":false,"ab-block-post-grid-landscape":false,"ab-block-post-grid-square":false,"post-thumbnail":false,"awb_sm":false,"awb_md":false,"awb_lg":false,"awb_xl":false},"uagb_author_info":{"display_name":"michaelafeik","author_link":"https:\/\/blog.vida.at\/pensionisten\/author\/michaelafeik\/"},"uagb_comment_info":0,"uagb_excerpt":"Wir setzen uns ein f\u00fcr mehr Geld im B\u00f6rsel Durch st\u00e4ndige Pensionsreformen und niedrige Anpassungen verlieren die Pensionen laufend an Wert. Zusammen mit dem \u00d6sterreichischen Seniorenrat bem\u00fchen wir uns, dem entgegenzuwirken. Die Altersarmut h\u00e4ngt wie ein Damoklesschwert \u00fcber uns. Im erfolgreichen Kampf um die Steuerreform von \u00d6GB und AK \u2013 unter dem Motto \u201eLohnsteuer runter\u201c&hellip;","coauthors":[],"author_meta":{"author_link":"https:\/\/blog.vida.at\/pensionisten\/author\/michaelafeik\/","display_name":"michaelafeik"},"relative_dates":{"created":"Ver\u00f6ffentlicht 6\u00a0Jahren vor","modified":"Aktualisiert 2\u00a0Jahren vor"},"absolute_dates":{"created":"Ver\u00f6ffentlicht am 6. Oktober 2020","modified":"Aktualisiert am 19. Juni 2024"},"absolute_dates_time":{"created":"Ver\u00f6ffentlicht am 6. Oktober 2020 15:34","modified":"Aktualisiert am 19. Juni 2024 10:43"},"featured_img_caption":"","featured_img":false,"series_order":"","_links":{"self":[{"href":"https:\/\/blog.vida.at\/pensionisten\/wp-json\/wp\/v2\/pages\/911","targetHints":{"allow":["GET"]}}],"collection":[{"href":"https:\/\/blog.vida.at\/pensionisten\/wp-json\/wp\/v2\/pages"}],"about":[{"href":"https:\/\/blog.vida.at\/pensionisten\/wp-json\/wp\/v2\/types\/page"}],"author":[{"embeddable":true,"href":"https:\/\/blog.vida.at\/pensionisten\/wp-json\/wp\/v2\/users\/5"}],"replies":[{"embeddable":true,"href":"https:\/\/blog.vida.at\/pensionisten\/wp-json\/wp\/v2\/comments?post=911"}],"version-history":[{"count":30,"href":"https:\/\/blog.vida.at\/pensionisten\/wp-json\/wp\/v2\/pages\/911\/revisions"}],"predecessor-version":[{"id":9019,"href":"https:\/\/blog.vida.at\/pensionisten\/wp-json\/wp\/v2\/pages\/911\/revisions\/9019"}],"wp:attachment":[{"href":"https:\/\/blog.vida.at\/pensionisten\/wp-json\/wp\/v2\/media?parent=911"}],"curies":[{"name":"wp","href":"https:\/\/api.w.org\/{rel}","templated":true}]}}